{"id":90,"date":"2019-03-08T13:41:52","date_gmt":"2019-03-08T13:41:52","guid":{"rendered":"http:\/\/www.ommahastklinik.se\/?page_id=90"},"modified":"2024-07-14T14:51:11","modified_gmt":"2024-07-14T14:51:11","slug":"equiterapeut","status":"publish","type":"page","link":"https:\/\/www.ommahastklinik.se\/index.php\/equiterapeut\/","title":{"rendered":"Equiterapeut"},"content":{"rendered":"\n<figure class=\"wp-block-image\"><img loading=\"lazy\" decoding=\"async\" width=\"300\" height=\"246\" src=\"https:\/\/www.ommahastklinik.se\/wp-content\/uploads\/2019\/07\/juliane.jpg\" alt=\"\" class=\"wp-image-281\"\/><\/figure>\n\n\n\n<p>JULIANE KLINK samarbetar med oss sedan b\u00f6rjan av 2019.<br>Varje torsdag kommer hon till kliniken och de andra dagarna g\u00f6r hon hembes\u00f6k.<br>Juliane har mycket bred kunskap om olika h\u00e4straser och deras problem.<br>Juliane arbeta med akupunktur, massage och manuella terapier .<br>Juliane har redan hj\u00e4lpt oss med m\u00e5nga h\u00e4star och vi tycker att samarbetet ger resultat.<\/p>\n","protected":false},"excerpt":{"rendered":"<p>JULIANE KLINK samarbetar med oss sedan b\u00f6rjan av 2019.Varje torsdag kommer hon till kliniken och de andra dagarna g\u00f6r hon hembes\u00f6k.Juliane har mycket bred kunskap om olika h\u00e4straser och deras problem.Juliane arbeta med akupunktur, massage och manuella terapier .Juliane har redan hj\u00e4lpt oss med m\u00e5nga h\u00e4star och vi tycker att samarbetet ger resultat.<\/p>\n","protected":false},"author":1,"featured_media":0,"parent":0,"menu_order":0,"comment_status":"closed","ping_status":"closed","template":"","meta":{"footnotes":""},"class_list":["post-90","page","type-page","status-publish","hentry"],"_links":{"self":[{"href":"https:\/\/www.ommahastklinik.se\/index.php\/wp-json\/wp\/v2\/pages\/90"}],"collection":[{"href":"https:\/\/www.ommahastklinik.se\/index.php\/wp-json\/wp\/v2\/pages"}],"about":[{"href":"https:\/\/www.ommahastklinik.se\/index.php\/wp-json\/wp\/v2\/types\/page"}],"author":[{"embeddable":true,"href":"https:\/\/www.ommahastklinik.se\/index.php\/wp-json\/wp\/v2\/users\/1"}],"replies":[{"embeddable":true,"href":"https:\/\/www.ommahastklinik.se\/index.php\/wp-json\/wp\/v2\/comments?post=90"}],"version-history":[{"count":1,"href":"https:\/\/www.ommahastklinik.se\/index.php\/wp-json\/wp\/v2\/pages\/90\/revisions"}],"predecessor-version":[{"id":423,"href":"https:\/\/www.ommahastklinik.se\/index.php\/wp-json\/wp\/v2\/pages\/90\/revisions\/423"}],"wp:attachment":[{"href":"https:\/\/www.ommahastklinik.se\/index.php\/wp-json\/wp\/v2\/media?parent=90"}],"curies":[{"name":"wp","href":"https:\/\/api.w.org\/{rel}","templated":true}]}}