{"id":79,"date":"2019-03-08T13:42:48","date_gmt":"2019-03-08T13:42:48","guid":{"rendered":"http:\/\/www.ommahastklinik.se\/?page_id=79"},"modified":"2024-07-14T14:50:03","modified_gmt":"2024-07-14T14:50:03","slug":"radiobehandling","status":"publish","type":"page","link":"https:\/\/www.ommahastklinik.se\/index.php\/radiobehandling\/","title":{"rendered":"Radiobehandling"},"content":{"rendered":"\n<p>Radiofrekvens diatermi anv\u00e4nder principerna f\u00f6r endogen v\u00e4rme och biostimulering f\u00f6r behandling av olika sjukdomer i muskuloskeletala systemet hos h\u00e4star.<br>Under behandlingen str\u00f6mmar en h\u00f6gfrekvent v\u00e4xelsp\u00e4nning genom v\u00e4vnaden, vilket genererar djup v\u00e4rme och stimulerar p\u00e5 cellniv\u00e5.<\/p>\n\n\n\n<p>Anv\u00e4ndning:<br>Muskel-\/mjukv\u00e4vnadstrauma<br>Akut-\/kronisk muskelsm\u00e4rtor<br>Ligament-\/senskador<br>Olika problem i hoven<br>Ledstyvhet\/ begr\u00e4nsad r\u00f6rlighet<\/p>\n\n\n\n<p>Det finns m\u00f6jligheten att bara best\u00e4lla Radiobehandling<\/p>\n\n\n\n<p><\/p>\n","protected":false},"excerpt":{"rendered":"<p>Radiofrekvens diatermi anv\u00e4nder principerna f\u00f6r endogen v\u00e4rme och biostimulering f\u00f6r behandling av olika sjukdomer i muskuloskeletala systemet hos h\u00e4star.Under behandlingen str\u00f6mmar en h\u00f6gfrekvent v\u00e4xelsp\u00e4nning genom v\u00e4vnaden, vilket genererar djup v\u00e4rme och stimulerar p\u00e5 cellniv\u00e5. Anv\u00e4ndning:Muskel-\/mjukv\u00e4vnadstraumaAkut-\/kronisk muskelsm\u00e4rtorLigament-\/senskadorOlika problem i hovenLedstyvhet\/ begr\u00e4nsad r\u00f6rlighet Det finns m\u00f6jligheten att bara best\u00e4lla Radiobehandling<\/p>\n","protected":false},"author":1,"featured_media":0,"parent":0,"menu_order":0,"comment_status":"closed","ping_status":"closed","template":"","meta":{"footnotes":""},"class_list":["post-79","page","type-page","status-publish","hentry"],"_links":{"self":[{"href":"https:\/\/www.ommahastklinik.se\/index.php\/wp-json\/wp\/v2\/pages\/79"}],"collection":[{"href":"https:\/\/www.ommahastklinik.se\/index.php\/wp-json\/wp\/v2\/pages"}],"about":[{"href":"https:\/\/www.ommahastklinik.se\/index.php\/wp-json\/wp\/v2\/types\/page"}],"author":[{"embeddable":true,"href":"https:\/\/www.ommahastklinik.se\/index.php\/wp-json\/wp\/v2\/users\/1"}],"replies":[{"embeddable":true,"href":"https:\/\/www.ommahastklinik.se\/index.php\/wp-json\/wp\/v2\/comments?post=79"}],"version-history":[{"count":1,"href":"https:\/\/www.ommahastklinik.se\/index.php\/wp-json\/wp\/v2\/pages\/79\/revisions"}],"predecessor-version":[{"id":433,"href":"https:\/\/www.ommahastklinik.se\/index.php\/wp-json\/wp\/v2\/pages\/79\/revisions\/433"}],"wp:attachment":[{"href":"https:\/\/www.ommahastklinik.se\/index.php\/wp-json\/wp\/v2\/media?parent=79"}],"curies":[{"name":"wp","href":"https:\/\/api.w.org\/{rel}","templated":true}]}}