{"id":75,"date":"2019-03-08T11:05:35","date_gmt":"2019-03-08T11:05:35","guid":{"rendered":"http:\/\/www.ommahastklinik.se\/?page_id=75"},"modified":"2025-02-19T08:56:56","modified_gmt":"2025-02-19T08:56:56","slug":"vad-vi-gor","status":"publish","type":"page","link":"https:\/\/www.ommahastklinik.se\/index.php\/vad-vi-gor\/","title":{"rendered":"Vad vi g\u00f6r"},"content":{"rendered":"\n<p>Vi tar emot alla typer av h\u00e4star, oavsett vad den anv\u00e4nds till: sport\/t\u00e4vlingsh\u00e4st, fritids- eller s\u00e4llskapsh\u00e4st s\u00e5 \u00e4r alla lika v\u00e4lkomna och vi l\u00e4gger samma arbete p\u00e5 alla h\u00e4star. <\/p>\n\n\n\n<p>Vi tar hand om din h\u00e4st om den inte m\u00e5r bra , skadar sig eller inte presterar normalt. Vill du g\u00f6ra en h\u00e4lsokontroll, id-kontrollera eller chipm\u00e4rka s\u00e5 g\u00f6r vi det ocks\u00e5.<\/p>\n\n\n\n<p>V\u00e5r ambition \u00e4r att alla skall k\u00e4nna att b\u00e5de h\u00e4st och \u00e4gare blir v\u00e4l omh\u00e4ndertagna.<\/p>\n\n\n\n<ul class=\"wp-block-list\">\n<li><a href=\"https:\/\/www.ommahastklinik.se\/index.php\/halt-rorelseutredning\/\">H\u00e4lt\/r\u00f6relseutredning<\/a><\/li>\n\n\n\n<li><a href=\"https:\/\/www.ommahastklinik.se\/index.php\/rontgen\/\">R\u00f6ntgen<\/a><\/li>\n\n\n\n<li><a href=\"https:\/\/www.ommahastklinik.se\/index.php\/ultraljud\/\">Ultraljud<\/a><\/li>\n\n\n\n<li><a href=\"https:\/\/www.ommahastklinik.se\/index.php\/besiktning\/\">Besiktning<\/a><\/li>\n\n\n\n<li><a href=\"https:\/\/www.ommahastklinik.se\/index.php\/videoendoskopi\/\">Videoendoskopi<\/a><\/li>\n\n\n\n<li><a href=\"https:\/\/www.ommahastklinik.se\/index.php\/tandvard\/\">Tandv\u00e5rd<\/a><\/li>\n\n\n\n<li><a href=\"https:\/\/www.ommahastklinik.se\/index.php\/akutmottagning\/\">Akutmottagning dagtid<\/a><\/li>\n\n\n\n<li><a href=\"https:\/\/www.ommahastklinik.se\/index.php\/stotvag\/\">St\u00f6tv\u00e5g<\/a><\/li>\n\n\n\n<li><a href=\"https:\/\/www.ommahastklinik.se\/index.php\/radiobehandling\/\">Radiobehandling<\/a><\/li>\n\n\n\n<li><a href=\"https:\/\/www.ommahastklinik.se\/index.php\/analyser-och-labb\/\">Analyslabb<\/a><\/li>\n\n\n\n<li><a href=\"https:\/\/www.ommahastklinik.se\/index.php\/acp\/\">ACP<\/a><\/li>\n\n\n\n<li>Id kontroll \/chipm\u00e4rkning<\/li>\n\n\n\n<li><a href=\"https:\/\/www.ommahastklinik.se\/index.php\/forsaljning\/\">F\u00f6rs\u00e4ljning<\/a><\/li>\n\n\n\n<li><a href=\"https:\/\/www.ommahastklinik.se\/index.php\/avlivning\/\">Avlivning<\/a><\/li>\n<\/ul>\n\n\n\n<p><\/p>\n","protected":false},"excerpt":{"rendered":"<p>Vi tar emot alla typer av h\u00e4star, oavsett vad den anv\u00e4nds till: sport\/t\u00e4vlingsh\u00e4st, fritids- eller s\u00e4llskapsh\u00e4st s\u00e5 \u00e4r alla lika v\u00e4lkomna och vi l\u00e4gger samma arbete p\u00e5 alla h\u00e4star. Vi tar hand om din h\u00e4st om den inte m\u00e5r bra , skadar sig eller inte presterar normalt. Vill du g\u00f6ra en h\u00e4lsokontroll, id-kontrollera eller chipm\u00e4rka &hellip; <\/p>\n<p class=\"link-more\"><a href=\"https:\/\/www.ommahastklinik.se\/index.php\/vad-vi-gor\/\" class=\"more-link\">Continue reading<span class=\"screen-reader-text\"> &#8220;Vad vi g\u00f6r&#8221;<\/span><\/a><\/p>\n","protected":false},"author":1,"featured_media":0,"parent":0,"menu_order":0,"comment_status":"closed","ping_status":"closed","template":"","meta":{"footnotes":""},"class_list":["post-75","page","type-page","status-publish","hentry"],"_links":{"self":[{"href":"https:\/\/www.ommahastklinik.se\/index.php\/wp-json\/wp\/v2\/pages\/75"}],"collection":[{"href":"https:\/\/www.ommahastklinik.se\/index.php\/wp-json\/wp\/v2\/pages"}],"about":[{"href":"https:\/\/www.ommahastklinik.se\/index.php\/wp-json\/wp\/v2\/types\/page"}],"author":[{"embeddable":true,"href":"https:\/\/www.ommahastklinik.se\/index.php\/wp-json\/wp\/v2\/users\/1"}],"replies":[{"embeddable":true,"href":"https:\/\/www.ommahastklinik.se\/index.php\/wp-json\/wp\/v2\/comments?post=75"}],"version-history":[{"count":2,"href":"https:\/\/www.ommahastklinik.se\/index.php\/wp-json\/wp\/v2\/pages\/75\/revisions"}],"predecessor-version":[{"id":490,"href":"https:\/\/www.ommahastklinik.se\/index.php\/wp-json\/wp\/v2\/pages\/75\/revisions\/490"}],"wp:attachment":[{"href":"https:\/\/www.ommahastklinik.se\/index.php\/wp-json\/wp\/v2\/media?parent=75"}],"curies":[{"name":"wp","href":"https:\/\/api.w.org\/{rel}","templated":true}]}}